765364 (base 8) in base 11?
1659a5
What is 11312255 (base 6) in base 3?
122212111222
-107764 (base 8) to base 9
-55486
Convert -1144273 (base 9) to base 4.
-2113111212
1541035 (base 6) to base 8
261517
-32d8f (base 16) to base 3
-101120200202
Convert 110010011010010000100 (base 2) to base 10.
1651844
Convert 726963 (base 13) to base 8.
12140555
Convert -7baa0 (base 16) to base 4.
-1323222200
What is -4243311 (base 5) in base 6?
-1311550
Convert 1049a (base 12) to base 7.
116323
Convert 1a13905 (base 11) to base 4.
30332201013
115177 (base 12) to base 11
180220
What is -323312233 (base 4) in base 6?
-5131011
What is 16b5b0b (base 13) in base 16?
70a259
Convert -21001352 (base 6) to base 14.
-11b24c
What is -220220212002 (base 3) in base 4?
-1313300033
56794 (base 11) to base 13
2b507
What is -139637 (base 10) in base 12?
-68985
1212121001020 (base 3) to base 9
1777036
-455954 (base 11) to base 14
-14c40c
324524 (base 6) to base 4
12211210
127646 (base 12) to base 11
197984
Convert 26402660 (base 8) to base 2.
10110100000010110110000
What is -1011304221 (base 5) in base 13?
-570263
What is -153405041 (base 6) in base 12?
-1109781
What is 299771 (base 15) in base 16?
1e9d9f
Convert -822605 (base 9) to base 16.
-77027
Convert -4043045 (base 7) to base 4.
-1311133232
-2101324441 (base 5) to base 10
-4323746
47608 (base 11) to base 9
114108
-792837 (base 10) to base 16
-c1905
Convert 104435402 (base 6) to base 16.
1d077a
-86934 (base 11) to base 14
-34012
Convert -30331210 (base 4) to base 11.
-36986
8a933 (base 11) to base 12
64177
66ef3 (base 16) to base 10
421619
Convert 1b095 (base 14) to base 8.
206173
a81db2 (base 14) to base 15
776361
Convert -1000010001001110111010 (base 2) to base 3.
-11002010120121
-5c08c (base 16) to base 10
-376972
What is 2ab680 (base 13) in base 8?
4011451
Convert -730202 (base 11) to base 15.
-1821b9
What is -22716 (base 10) in base 8?
-54274
What is 100211200120112 (base 3) in base 10?
5229536
Convert -1557427 (base 9) to base 16.
-d32af
-a98331 (base 14) to base 12
-1b11687
Convert -48609 (base 10) to base 13.
-19182
Convert 909b0 (base 12) to base 16.
2de94
Convert 15c8ae (base 15) to base 3.
1222121010202
Convert -2233232133 (base 4) to base 16.
-afb9f
What is -27164324 (base 9) in base 4?
-303010131211
What is -111319 (base 13) in base 7?
-3264463
What is 11e9b (base 16) in base 6?
1323403
Convert -17061362 (base 10) to base 9.
-35083708
Convert 201694 (base 13) to base 11.
46a468
Convert 2235123 (base 6) to base 5.
12121013
-3d47bd (base 14) to base 4
-20012321103
What is 29978 (base 11) in base 8?
122703
Convert 751760 (base 11) to base 6.
41440314
What is -4314201 (base 5) in base 14?
-1c89d
Convert -200242343 (base 5) to base 6.
-24535004
What is 14b947a (base 12) in base 16?
407a5e
What is -75c21 (base 15) in base 5?
-43431411
What is -105933 (base 10) in base 9?
-171273
Convert -101001111111101100 (base 2) to base 8.
-517754
Convert -39362b (base 12) to base 8.
-3452303
What is 5354704 (base 8) in base 3?
2200202100012
35d471 (base 14) to base 16
1c1bbb
Convert -215061 (base 11) to base 2.
-1010011110110101001
-1000011011111010011 (base 2) to base 12
-113b83
What is 9a31b (base 13) in base 6?
5554114
-2002013010 (base 4) to base 10
-532932
What is -111010000100011010 (base 2) in base 11?
-152778
What is -607a506 (base 11) in base 9?
-22187378
What is -100aa51 (base 13) in base 3?
-100010102200110
What is 102002011202 (base 3) in base 16?
353f3
What is 48a0b5 (base 12) in base 6?
41132345
Convert -18c634 (base 16) to base 15.
-221104
Convert 6580342 (base 11) to base 3.
210201220120201
Convert -1210302011 (base 4) to base 9.
-688232
What is dd37 (base 14) in base 13?
1455a
What is 66b755 (base 12) in base 9?
3065182
Convert 202211310 (base 4) to base 14.
398c4
What is -130381b (base 12) in base 13?
-a0ba40
-38a676 (base 11) to base 13
-186867
Convert -1314345 (base 6) to base 10.
-72281
Convert 20a10a (base 11) to base 5.
41214133
What is -25603 (base 9) in base 6?
-211520
-3231113120 (base 4) to base 16
-ed5d8
1626877 (base 9) to base 11
568172
244d0 (base 14) to base 7
516550
What is 1535436 (base 8) in base 10?
441118
-22016 (base 8) to base 13
-4280
1010100002010 (base 3) to base 4
2101301310
-102121 (base 5) to base 13
-1725
141203040 (base 5) to base 12
2ab957
What is 27753566 (base 8) in base 7?
104250116
What is 10101101111100110110 (base 2) in base 13?
1bc3cb
-11021120110 (base 3) to base 12
-40910
-653885 (base 10) to base 5
-131411020
994a77 (base 14) to base 6
303234213
100202010212022 (base 3) to base 11
2a18437
18b89 (base 16) to base 8
305611
What is -10848 (base 13) in base 12?
-15419
What is 56556525 (base 7) in base 16?
4b1a73
What is -2a0a723 (base 12) in base 8?
-40257613
Convert -102794 (base 11) to base 3.
-22100212122
Convert 3981c (base 14) to base 8.
424342
What is -650434 (base 7) in base 12?
-55524
Convert -3c64b (base 15) to base 12.
-94198
1502512 (base 6) to base 10
86156
Convert -8fb4b (base 16) to base 13.
-177bc5
549164 (base 11) to base 15
124844
What is 2431618 (base 10) in base 5?
1110302433
-320331211 (base 4) to base 7
-1661140
Convert 2997503 (base 10) to base 14.
580555
-1054656 (base 8) to base 7
-2265126
What is 10004766 (base 8) in base 7?
23563403
What is 2211002210222 (base 3) in base 11?
933491
1a1c178 (base 13) to base 15
b4b9a7
What is -85318 (base 12) in base 6?
-3430032
Convert 32320233210 (base 4) to base 15.
521426
What is -12530716 (base 8) in base 16?
-2ab1ce
2994ab (base 15) to base 2
111101001101100110011
What is 76c3a6 (base 13) in base 6?
135543012
1224413 (base 6) to base 2
10000000100011001
-60554 (base 9) to base 2
-1001101110001100
Convert 315351331 (base 6) to base 11.
3173001
Convert 652e (base 15) to base 16.
53ab
What is 21131231333 (base 4) in base 16?
25db7f
What is 103321000 (base 4) in base 11?
56236
10001101110011000011 (base 2) to base 10
580803
-20033332 (base 4) to base 11
-23429
d4131 (base 16) to base 5
210244112
What is -2221a64 (base 11) in base 6?
-215310113
Convert 2528248 (base 11) to base 15.
5ba4d6
What is 435db8 (base 15) in base 13?
884a2c
What is -146632 (base 9) in base 2?
-10110000001000110
-104011250 (base 6) to base 4
-13020001032
What is 211003113 (base 4) in base 12?
739b3
What is -1120121221222 (base 3) in base 8?
-3146613
Convert 18c22 (base 16) to base 2.
11000110000100010
-883450 (base 9) to base 13
-1560c0
Convert 4ed37 (base 16) to base 2.
1001110110100110111
-175a6 (base 12) to base 6
-415530
Convert 741a54 (base 15) to base 8.
25044565
Convert 101001010010000111 (base 2) to base 16.
29487
What is 257153 (base 9) in base 3?
21221011210
397205 (base 10) to base 14
a4a7b
Convert -25540063 (base 7) to base 14.
-448aa3
11001011000011001110011 (base 2) to base 12
228a52b
21221123022 (base 4) to base 15
34e4d0
What is -31b88 (base 14) in base 2?
-11101010111001100
Convert -326371 (base 15) to base 2.
-1001001010000010010110
Convert -442224102 (base 5) to base 9.
-3536804
21023121 (base 5) to base 4
222113200
Convert 548881 (base 12) to base 16.
147ae1
What is b221a (base 13) in base 3?
121012111002
Convert 2074205 (base 9) to base 13.
2cc132
Convert -29b71b (base 12) to base 11.
-441198
What is 149698c (base 13) in base 8?
31073051
49962 (base 13) to base 9
226026
200443043 (base 5) to base 6
25024104
What is ab42e (base 15) in base 9?
1018588
What is 300521024 (base 6) in base 5?
2300034202
Convert -104320 (base 12) to base 15.
-50da0
What is -40450 (base 9) in base 8?
-63765
What is 11430432 (base 5) in base 4?
122123102
What is 1a37855 (base 11) in base 6?
201352551
What is -43a0296 (base 11) in base 15?
-a26404
What is -124643 (base 10) in base 15?
-26de8
733185 (base 14) to base 15
51c276
What is 525280 (base 10) in base 13?
155122
20014 (base 6) to base 7
10405
Convert 4541260 (base 9) to base 15.
3355d3
Convert 111011001111010111111 (base 2) to base 6.
105334543
What is -20043116 (base 7) in base 2?
-110010100101110110101
Convert 308970 (base 10) to base 7.
2424534
Convert -251233 (base 7) to base 6.
-553204
-122212000111 (base 3) to base 8
-1256237
-131342104 (base 5) to base 12
-275923
-20aa4f (base 16) to base 12
-872a3b
What is 10111000111110001110 (base 2) in base 16?
b8f8e
Convert -17c87 (base 13) t